divisor of 3596724 and 3672?
1836
What is the greatest common factor of 1616 and 9456?
16
What is the highest common factor of 312148 and 292?
292
Calculate the highest common factor of 252 and 115353.
63
Calculate the greatest common divisor of 15 and 11274555.
15
Calculate the greatest common factor of 3276 and 637.
91
Calculate the highest common factor of 279321 and 5922.
987
What is the greatest common divisor of 5118 and 1266?
6
Calculate the highest common factor of 4303 and 755673.
331
What is the greatest common factor of 197456 and 112?
112
What is the highest common factor of 200298 and 798?
798
Calculate the greatest common divisor of 6500 and 857740.
260
Calculate the highest common factor of 182597 and 391.
391
What is the greatest common divisor of 161608 and 88?
8
Calculate the greatest common factor of 1818 and 274806.
18
What is the greatest common factor of 49250 and 14972?
394
Calculate the greatest common divisor of 41888 and 1190.
238
What is the greatest common factor of 1745610 and 4650?
930
What is the highest common factor of 216 and 36104?
8
Calculate the highest common factor of 117 and 42111.
9
What is the highest common factor of 3700 and 7585?
185
Calculate the greatest common divisor of 810 and 6570.
90
What is the greatest common divisor of 55 and 113135?
55
What is the greatest common factor of 1923 and 39559956?
1923
Calculate the greatest common factor of 681 and 1816.
227
What is the highest common factor of 20700 and 7350?
150
Calculate the highest common factor of 8468 and 100.
4
What is the greatest common factor of 2192 and 272?
16
Calculate the greatest common factor of 17986 and 549102.
1058
Calculate the greatest common factor of 7565 and 765.
85
Calculate the highest common factor of 2475634 and 3395.
679
Calculate the greatest common divisor of 716641 and 73.
73
What is the greatest common divisor of 50 and 2747910?
10
What is the greatest common factor of 3987324 and 792?
396
Calculate the greatest common factor of 19 and 180899.
19
Calculate the highest common divisor of 63140 and 41.
41
What is the greatest common divisor of 336 and 81072?
48
Calculate the highest common factor of 385 and 35455.
35
Calculate the greatest common factor of 28620 and 12.
12
What is the greatest common factor of 580 and 2260?
20
What is the highest common divisor of 865283 and 391?
391
Calculate the highest common factor of 20 and 2220220.
20
What is the greatest common factor of 3000 and 228840?
120
What is the greatest common factor of 37405 and 40?
5
What is the greatest common factor of 694668 and 3?
3
What is the highest common divisor of 16435 and 1140?
95
What is the greatest common divisor of 7961 and 513?
19
Calculate the highest common factor of 58115 and 118.
59
What is the greatest common divisor of 219 and 3756288?
219
Calculate the greatest common factor of 797082 and 702.
78
Calculate the greatest common divisor of 10 and 406990.
10
Calculate the greatest common divisor of 1405 and 15.
5
What is the highest common divisor of 520 and 920?
40
What is the greatest common divisor of 100554 and 54?
6
What is the greatest common divisor of 1320 and 13970?
110
Calculate the greatest common factor of 329 and 41689.
47
What is the greatest common factor of 531 and 8271?
9
What is the greatest common divisor of 364935 and 45?
15
What is the greatest common factor of 3976 and 7526?
142
Calculate the greatest common divisor of 2716 and 478695.
679
Calculate the highest common factor of 1462 and 645473.
731
What is the highest common divisor of 2154 and 12?
6
Calculate the greatest common factor of 243 and 2261925.
81
Calculate the highest common factor of 5203 and 358061.
473
Calculate the greatest common divisor of 1943 and 185513.
29
What is the highest common divisor of 536 and 871?
67
Calculate the greatest common factor of 85 and 667760.
85
What is the greatest common divisor of 2728 and 55800?
248
What is the greatest common divisor of 62356 and 655?
131
Calculate the greatest common divisor of 2022 and 807789.
1011
Calculate the greatest common divisor of 1242885 and 76.
19
Calculate the greatest common divisor of 129 and 1738.
1
Calculate the greatest common factor of 52 and 53248.
52
What is the highest common divisor of 85835 and 5?
5
Calculate the greatest common factor of 3972 and 717608.
1324
What is the highest common divisor of 690 and 2100?
30
Calculate the highest common divisor of 4784 and 13984.
368
Calculate the highest common divisor of 408253 and 19.
19
Calculate the greatest common divisor of 2940 and 1862.
98
Calculate the greatest common factor of 915 and 960.
15
What is the highest common divisor of 639 and 11005?
71
What is the highest common divisor of 213 and 24198?
3
What is the greatest common factor of 920 and 10?
10
Calculate the highest common factor of 128 and 5072.
16
What is the greatest common divisor of 107961 and 318?
159
What is the highest common divisor of 28251 and 1752?
219
Calculate the highest common factor of 209318 and 1.
1
What is the greatest common divisor of 200 and 19220?
20
Calculate the greatest common factor of 10640 and 720.
80
Calculate the greatest common factor of 711 and 291273.
237
What is the highest common factor of 10661 and 91?
7
Calculate the greatest common factor of 279259 and 17.
17
What is the greatest common divisor of 6376 and 218?
2
Calculate the greatest common divisor of 9964 and 14204.
212
Calculate the greatest common factor of 161 and 2767751.
161
What is the greatest common factor of 7254 and 6588?
18
Calculate the highest common factor of 975 and 5200.
325
What is the highest common divisor of 29025 and 54?
27
What is the greatest common divisor of 64012 and 468?
52
What is the highest common factor of 12420 and 940?
20
What is the greatest common factor of 594 and 278586?
594
What is the greatest common divisor of 8650 and 364165?
865
Calculate the highest common factor of 735018 and 1.
1
What is the greatest common factor of 37920 and 80?
80
What is the highest common factor of 71 and 132131?
71
Calculate the highest common factor of 1409388 and 8224.
1028
Calculate the greatest common divisor of 26587 and 649.
11
What is the highest common divisor of 136450 and 100?
50
What is the greatest common divisor of 34986 and 1176?
294
What is the greatest common factor of 9633 and 3477?
57
What is the greatest common factor of 60 and 536325?
15
Calculate the greatest common divisor of 84 and 112966.
14
What is the highest common factor of 1548 and 6282558?
774
What is the highest common factor of 224367 and 264?
33
What is the greatest common divisor of 2268 and 104076?
252
What is the greatest common factor of 80894 and 22?
22
Calculate the highest common divisor of 24 and 253374.
6
Calculate the greatest common divisor of 100 and 2688200.
100
Calculate the greatest common factor of 6600 and 574860.
660
Calculate the highest common divisor of 205636 and 808.
404
What is the highest common divisor of 48 and 17538?
6
What is the greatest common divisor of 80 and 1356460?
20
What is the greatest common divisor of 184780 and 40?
20
Calculate the highest common factor of 54201 and 812.
203
Calculate the highest common divisor of 960316 and 28.
28
What is the highest common divisor of 2645 and 27?
1
What is the greatest common factor of 6115284 and 252?
252
Calculate the greatest common factor of 1292052 and 12.
12
What is the highest common factor of 1419 and 9471?
33
What is the greatest common divisor of 55146 and 30401?
707
What is the highest common factor of 15519 and 903?
21
What is the highest common factor of 4268 and 1628?
44
Calculate the greatest common factor of 1056 and 45360.
48
Calculate the greatest common divisor of 25500 and 500.
500
Calculate the greatest common factor of 64 and 50848.
32
What is the highest common factor of 399 and 906927?
399
What is the highest common factor of 9 and 25164?
9
What is the greatest common factor of 97 and 62759?
97
Calculate the highest common factor of 27461 and 364.
7
What is the highest common divisor of 1188 and 1897236?
1188
What is the highest common divisor of 1312 and 182942?
82
What is the highest common divisor of 32 and 18924?
4
What is the highest common divisor of 916004